 (-166)/a. Calculate the highest common divisor of 36 and u.
12
Let w(v) = -v**2 - 5*v - 2. Let p be w(-3). Suppose -3*q - 63 = -p*o - 8, -41 = -2*o - 3*q. Calculate the highest common factor of 32 and o.
16
Suppose 5*g + 6 = 16. Let u be 10/3 - 8/(-12). Let m(z) = -z**3 + 5*z**2 - z - 2. Let o be m(u). What is the greatest common factor of g and o?
2
Let i = 14 - 9. Suppose -i*l + 0 = -15. Suppose -2*n - l*n + 240 = 0. What is the greatest common divisor of 12 and n?
12
Suppose -v - w = -5, 2*v - 1 = -4*w + 3. Calculate the greatest common divisor of 6 and v.
2
Let z(q) = -q**3 - 10*q**2 + 10*q - 12. Let t be z(-11). Let h be -1 - t - 65/(-1). What is the greatest common factor of h and 13?
13
Let m(v) = -48*v. Let a be m(-3). What is the greatest common factor of a and 16?
16
Suppose -2*g - i + 287 = 0, -2*i - 578 = -4*g - 0*i. What is the greatest common divisor of 36 and g?
36
Suppose -2*o - 4*w = 3*o + 35, 25 = -5*w. Let m be (-460)/o + 16/24. Calculate the greatest common divisor of m and 14.
14
Let y = 6 + 0. Let z = -12 - -58. Suppose 5*v - q = z, 3*q - 17 + 2 = -2*v. What is the highest common divisor of y and v?
3
Suppose -135 = -5*p - 35. Suppose 2*y + p = 3*r, -5*y - 34 = -5*r - y. Let i be 14 - 3/(-3 + r). Calculate the highest common factor of i and 13.
13
Let n(h) = 7*h - 2. Let c be n(2). Calculate the greatest common divisor of 54 and c.
6
Let s be 24/(-2)*(-3)/4. Let t be 1/(2/(-13))*-4. Let b = -17 + t. What is the highest common divisor of b and s?
9
Let u be (-2)/4*0/(-5). Let d(k) = k + 3. Let h be d(u). Let g be ((-6)/(-7))/((-2)/(-14)). Calculate the greatest common factor of h and g.
3
Suppose -34 = -5*n + 36. Let l(v) = v**2 - 9*v - 14. Let f be l(-7). What is the greatest common divisor of n and f?
14
Let l(f) = 4*f**2 - f + 3 + 0 - 6*f**2 + 3*f**2. Let p be l(3). What is the greatest common factor of p and 27?
9
Let b = 8 - -5. Let f = 283 - 192. What is the greatest common divisor of b and f?
13
Let b = 35 + -29. Let h be b - (5 + -2)/3. Calculate the highest common divisor of h and 25.
5
Let n(t) = 9*t**2 - 2*t - 2. Let i be n(-2). Let p = -19 + i. Calculate the greatest common divisor of p and 152.
19
Let f be 7 + 0 + (2 - 0). Let q be 10/35 + (-502)/(-7). Suppose 0*m = -m + q. Calculate the highest common divisor of f and m.
9
Let d(b) be the second derivative of 2*b**3 - 2*b**2 + 5*b. Let l be d(7). Calculate the greatest common divisor of l and 16.
16
Suppose -k = 4*r + k + 6, -5*k = -3*r + 28. Let f be r/(-2) - 195/(-6). What is the greatest common divisor of f and 4?
4
Suppose -x + 146 = -3*x. Let p = x + 161. Let f(a) = a**3 - a**2 - 2*a - 1. Let k be f(3). Calculate the greatest common factor of p and k.
11
Let f be 69/12 - 1/(-4). Let n = 7 - f. Let i(x) = x**2 + 7*x + 2. Let c be i(-7). What is the greatest common divisor of n and c?
1
Suppose 0*b - 2*b + 76 = 3*s, -s = -5*b + 156. What is the greatest common factor of 80 and b?
16
Suppose 0 = -c + 5*c - 16. Suppose 3*m - b = -35, -4*m - c*b + 5*b = 45. Let i be (-2)/10 + (-22)/m. What is the highest common divisor of i and 8?
2
Let r = 22 - 4. Suppose -2*i = -2*y - r, -4*i + 4*y + 45 = 3*y. Calculate the highest common divisor of 96 and i.
12
Let t = 119 + -68. Calculate the greatest common factor of t and 34.
17
Suppose h = 2*i - 3*h + 18, -i - 2*h + 7 = 0. Let j be (-2 - -8) + i + 2. Suppose -2*q = -j - 3. Calculate the greatest common factor of q and 45.
5
Let j = -3 - -6. Suppose k + 43 = 2*x, k - 26 = -x - j*k. What is the highest common divisor of x and 33?
11
Let y = 6 - -2. Let i = -3 - -3. Let a be 2 + -2 + 1 + i. Calculate the highest common factor of a and y.
1
Let g = -11 - -17. Let n(p) = p - 2. Let o be n(g). Suppose -i - 74 = -d, -2*i = -o*d + i + 294. Calculate the greatest common factor of d and 8.
8
Suppose -j = 2*j - 4*c - 288, -4*c = 0. Calculate the highest common factor of j and 12.
12
Let m = 2 + 0. Suppose -3*o = -4*w - 193, -w = 3 - m. What is the greatest common divisor of o and 9?
9
Let z = -53 - -74. What is the greatest common factor of 84 and z?
21
Let t be (-2 + 7)*(1 - 0). Let m(f) = 3*f**2 + 3*f - 3. Let p be m(2). What is the highest common factor of p and t?
5
Let x(z) = -z**2 + 19*z - 16. Let f be x(11). What is the greatest common divisor of f and 48?
24
Let m be 11/3 - (-4)/(-6). Let d(g) = 4*g + 4 - 6*g - g**2 + 0*g**2 + 5*g. Let q be d(m). Calculate the greatest common factor of q and 16.
4
Let d = 33 - 16. Calculate the highest common factor of d and 136.
17
Let z be (-322)/2*(-1 + 0/(-5)). Calculate the highest common divisor of 23 and z.
23
Let z be (-24)/(-15) + (-6)/(-15). Suppose -z*j + 6 = j. What is the greatest common factor of 4 and j?
2
Let q(w) = 16*w. Suppose 0 = -3*b + 5 + 1. Let o be q(b). Let d = 52 - o. Calculate the greatest common factor of 30 and d.
10
Suppose 5*y - 2*o - 36 = 0, -6*y - 4*o = -5*y - 16. What is the highest common divisor of y and 2?
2
Suppose -11*v + 202 = 26. What is the greatest common divisor of v and 112?
16
Let r(o) = -o**3 + 11*o**2 + 5*o + 1. Let n be r(9). What is the greatest common factor of 26 and n?
26
Let i be (0/(-2 - 1))/1. Let m be 1 - (-11 + i + -1). Let a = m + 130. What is the greatest common factor of 13 and a?
13
Let v = 1639 - 904. Let z be (8/(-5))/((-6)/v). Let f be (z - -2) + -1 + 1. Calculate the greatest common divisor of f and 18.
18
Let g be 5 - (-65)/(-15) - (-22)/3. What is the greatest common divisor of g and 40?
8
Let w(k) = k**3 + 6*k**2 - 3*k + 3. Let n = -4 + -2. Let b be w(n). Calculate the highest common factor of b and 7.
7
Let c = -11 - -19. Suppose 10*n - c = 6*n. What is the greatest common factor of n and 16?
2
Let o(n) be the first derivative of -n**2/2 - 2*n - 1. Let a be o(-6). Suppose a*b - 20 = 4. What is the greatest common divisor of b and 6?
6
Let f = 58 - -13. Let o = -43 + f. Calculate the highest common divisor of o and 4.
4
Let k = -23 - -35. Calculate the highest common divisor of k and 12.
12
Let y = 82 - 40. Suppose 3*a = 4*o - 70, a + 4*a = -3*o + 38. Let s be o/(-6)*(-9)/4. What is the greatest common factor of s and y?
6
Let h be ((-4)/6)/((-14)/2100). What is the greatest common factor of 20 and h?
20
Suppose -w + 65 = -2*h, 4*h = 2 - 6. Suppose m + 2*m = w. Let u be (-6)/m + (-65)/(-7). Calculate the greatest common divisor of u and 27.
9
Suppose 5*j = -3*y + 8*y + 325, -y + 255 = 4*j. Calculate the greatest common factor of j and 4.
4
Suppose 89 = 5*k - 3*c, -28 = -0*k - k + 4*c. Suppose -3*h = -5 - k. What is the greatest common factor of 14 and h?
7
Let v = 94 - 80. What is the greatest common factor of v and 2?
2
Let s(m) = -2*m + 26. Let n be s(8). What is the greatest common divisor of n and 10?
10
Suppose 15*d - 30 = 13*d. Calculate the greatest common factor of d and 15.
15
Suppose 2*a + 3*a - 5*i + 7085 = 0, 3*a + 2*i + 4226 = 0. Let b be -1 - 1 - 1*a. Let t be b/27 + (-2)/9. Calculate the highest common factor of t and 13.
13
Suppose 2*y - 32 + 2 = 0. Calculate the highest common divisor of y and 180.
15
Suppose 260 = -2*r + 5*r - 2*i, -450 = -5*r - 5*i. What is the greatest common divisor of r and 8?
8
Let d(f) = 4*f**2 - 6*f + 4. Let q be d(4). Let l be (3 - 8)*q/(-5). Calculate the greatest common divisor of l and 22.
22
Suppose -3*f + 0*r + 4*r = -351, r = -f + 117. What is the highest common divisor of f and 13?
13
Suppose -4*c + 24 = 8. Let p be ((-6)/c)/(2/(-4)). Suppose -5 + p = -w. What is the highest common divisor of 1 and w?
1
Suppose 1 = -u + 2*u. Let p be ((-8)/(-1) + u)*2. Calculate the highest common factor of 6 and p.
6
Let i(m) be the first derivative of -m**4/4 - m**3 - 4*m + 2. Let v be i(-4). What is the greatest common factor of v and 48?
12
Let n be 192/5 - (-9)/15. What is the highest common factor of n and 65?
13
Let a = -80 - -152. What is the highest common factor of 8 and a?
8
Let p be 1/(56/52 + -1). What is the greatest common factor of 117 and p?
13
Let t = -12 + 32. Let w(f) = -f + 11. Let l be w(6). Calculate the highest common factor of t and l.
5
Let s be (-91)/(-42) - 2/12. Calculate the highest common factor of 4 and s.
2
Let n(j) = 3*j - 2. Let l be n(-6). Let q = 24 - 16. Let i = q - l. What is the greatest common factor of 4 and i?
4
Let d = -4 - -6. Let a be 3/